/(-1)). Calculate the highest common factor of 3 and o.
3
Suppose 30*o - 33*o - 138 = 0. Let b = o - -94. What is the highest common divisor of 80 and b?
16
Suppose 0 = -0*a - 2*a - 86. Suppose 5*f + 37 = -5*g + 12, -5*f = 5. Let v be 18/(-24) + a/g. Calculate the highest common factor of v and 5.
5
Let y(h) = 11*h - 1. Let q be y(12). Suppose -32 = 9*s - q. Calculate the highest common factor of 121 and s.
11
Suppose -x - 3*a - a - 4 = 0, 14 = 4*x + a. Let t be 1/(x/(-144)*-3). What is the highest common divisor of t and 8?
4
Let b be ((-12)/(-5) - 2)*-10. Let g = b - -9. Let u = 45 - 40. What is the greatest common divisor of g and u?
5
Suppose -4*a + 233 = 4*i - 35, -3*a = 9. Calculate the greatest common divisor of i and 14.
14
Suppose 5*y = 2*q + 303, 5*y - 456 = 5*q - 156. Calculate the greatest common divisor of y and 1.
1
Let g be 1*-35*(-27)/(-180)*-4. What is the greatest common divisor of 1176 and g?
21
Let l = -234 - -124. Let m be (3 + -6 - l) + -2. What is the highest common divisor of 42 and m?
21
Let x be (-20)/(-6) - ((-5)/3 + 1). Let i be ((x - 1) + -2)/(2/30). What is the greatest common divisor of i and 60?
15
Let v be (9 - (-105)/(-10))*-14. What is the highest common divisor of 756 and v?
21
Let j(k) = 7*k - 4*k + 1 - 5 + k**2 + 2. Let z be j(-6). What is the highest common divisor of 32 and z?
16
Suppose -3*d + 28 = 19. Let f be ((-6)/8)/(d - (-1158)/(-384)). What is the greatest common factor of f and 16?
16
Let x(g) = 126*g. Let b be x(1). Suppose 4*q - 14 = -z, -4*q - 23 = -3*z + 19. What is the highest common factor of b and z?
14
Let r be (-95 - -82)*(-5)/(5/3). Calculate the greatest common divisor of r and 3.
3
Suppose -5*t = -7*t + 476. Calculate the greatest common divisor of t and 14.
14
Let g = 9 + -13. Let z(i) = -i + 1. Let a be z(g). Suppose -159 + 564 = a*h. Calculate the greatest common factor of 9 and h.
9
Suppose 0 = -5372*h + 5373*h - 340. What is the highest common factor of h and 50?
10
Let x = 392 + -144. What is the highest common factor of 31 and x?
31
Let d = 1100 - 872. What is the highest common factor of 24 and d?
12
Let u = 11 - 25. Let j = u + 2. Let o be 1362/8 + (-9)/j. Calculate the greatest common factor of 19 and o.
19
Suppose -31 = 2*l - 3*a, -l - 48 = 2*l - 5*a. Suppose 14 = -c + 2*c. Let k = c + l. Calculate the greatest common factor of k and 33.
3
Suppose -b = 7*b - 136. Suppose l - 20 = -b. Calculate the highest common divisor of 3 and l.
3
Let i = 70 + -422. Let v = i + 552. Let h be v/((4 + 0)/4). What is the greatest common divisor of 25 and h?
25
Suppose 5*a = 5*i - 1195, i - 243 = -13*a + 10*a. Calculate the greatest common factor of i and 90.
30
Suppose d = 9 + 206. Calculate the greatest common divisor of 5 and d.
5
Let j be (-1 + 5/2)*16/6. Let c be 26/j + -2*(-5)/(-20). Calculate the highest common divisor of c and 6.
6
Let g = 2795 + -763. What is the highest common divisor of 127 and g?
127
Let a = 263 - 111. What is the greatest common factor of 24 and a?
8
Let x(d) = -2*d**2 - 81*d - 709. Let o be x(-23). Suppose -y + 5 + 15 = 0. Suppose 0 = 4*s - 108 - y. Calculate the greatest common factor of s and o.
32
Let q(m) be the third derivative of -m**4/12 + m**3/2 + 5*m**2. Let c be q(-6). What is the greatest common factor of 60 and c?
15
Let q(s) = 3*s + 59. Let z be 34/153 - (0 - 133/9). Let c be q(z). Calculate the highest common divisor of c and 13.
13
Suppose -k + 58 = -4*y, 5*k - y = 289 - 37. Let u(r) = -29*r - 125. Let t be u(-5). What is the highest common factor of k and t?
10
Suppose 2*n + s = 4215, -4*n + 7*s - 3*s + 8448 = 0. Calculate the greatest common divisor of n and 57.
57
Let d be (-3*18/(-12))/((-1)/70). Let q be d/7*(-16)/20. Calculate the highest common divisor of 216 and q.
36
Let g be (4 - 2)/((-1)/(-20)). Suppose g - 140 = -5*z. Suppose 20 = -0*c + c. Calculate the highest common divisor of c and z.
20
Suppose 7*a - 3*a + 88 = 0. Let i be a/(-1)*42/12. Let n = 21 + -10. What is the greatest common factor of i and n?
11
Let y = -226 - -258. Calculate the highest common factor of 4 and y.
4
Suppose -42*j = -47*j + 600. Calculate the highest common factor of j and 30.
30
Suppose 0 = -4*t - 0*t + 96. Let l = t - 20. Calculate the highest common factor of 2 and l.
2
Suppose -10*c = 577 - 2747. What is the highest common divisor of c and 31?
31
Let v(s) = -4*s**2 + 18*s**2 - 12*s**2 + 7*s + 5. Let h be v(-4). Let z = 2 + h. What is the greatest common divisor of z and 11?
11
Suppose 2*w - 6 = -w. Let a be 42/w*(-7)/(-3). What is the highest common divisor of a and 49?
49
Suppose -4*d - 4*f + 280 = 0, 60 = 2*d - d - 4*f. Suppose -d = l - 2*l. Calculate the highest common divisor of l and 34.
34
Suppose 429 = 3*c - 4*x - 31, 0 = -4*c + 4*x + 620. What is the highest common factor of 70 and c?
10
Suppose -6*m = -233 - 295. Let y = m - 49. Calculate the greatest common divisor of y and 26.
13
Suppose 11*p = 24 + 53. Suppose -4*s + 70 = s. Calculate the greatest common divisor of p and s.
7
Let t be (-3 - -1)/(2*-1) - -21. Let l(c) = 2*c - 12. Let a be l(t). What is the highest common divisor of a and 8?
8
Suppose 0 = 5*g - m - 37, -5*g - 4*m = -2*m - 46. What is the greatest common factor of 20 and g?
4
Suppose -3*c + 60 = -c. Let q = -11 + c. Suppose q = 5*i - 36. Calculate the highest common divisor of 11 and i.
11
Let m(s) = 3*s**3 - 17*s**2 - 24*s + 16. Let k be m(8). Calculate the greatest common factor of 80 and k.
16
Let i(n) = n**2 + 17*n - 14. Let u be i(-18). Suppose 4*j - 2 + 22 = u*a, -3*a + 10 = 2*j. What is the greatest common factor of 4 and a?
4
Suppose -7 + 1 = -2*l. Suppose -c + 13 = 4*r - 19, -130 = -l*c + 5*r. Calculate the highest common factor of 20 and c.
20
Suppose -64 - 176 = -5*j. Calculate the highest common divisor of j and 3.
3
Suppose -2*x = 3*y + 3*x, 0 = y - 2*x - 11. Let d(n) = 11*n**2 - 22*n - 23. Let o be d(3). Calculate the highest common divisor of y and o.
5
Let z be 62 + -5 + -3 + 2. Suppose -d - w + z = -176, 3*w = -5*d + 1158. Calculate the greatest common divisor of d and 21.
21
Let h(r) = 9*r**2 + 2. Let a be h(-2). Let q = -3239 - -3277. What is the highest common factor of q and a?
38
Suppose 0 = -29*v + 27*v + 1422. Suppose -5*d + v = -q + 124, -q = -d + 119. What is the highest common factor of 13 and d?
13
Suppose -2*d + 2*k + 138 = 0, 0 = 3*d - 4*k + 53 - 261. Let a be ((d/3)/(-4))/((-2)/6). What is the greatest common divisor of a and 85?
17
Let u be 3/(0 + (-18)/(-228)). Calculate the highest common divisor of 19 and u.
19
Let r(t) be the first derivative of -9*t**2/2 - 18*t + 13. Let x be r(-5). What is the highest common divisor of 81 and x?
27
Suppose -8 = 2*j - 4*y, -y = -5*j - 1 - 10. Let q be 3 + j*(0 + 159/(-6)). What is the highest common divisor of 14 and q?
14
Let m(a) = -2*a**3 - 4*a**2 - 6*a - 4. Let p = 15 + -19. Let j be m(p). Suppose 0*f = 6*f - j. What is the greatest common divisor of f and 14?
14
Suppose 2*y - 90 = -10. Suppose 138*l - 15 = 135*l. What is the highest common divisor of y and l?
5
Let s = -132 + 186. Calculate the highest common factor of 243 and s.
27
Let o(j) = j**2 - 4*j - 3. Let h be o(5). Let n be -2 - (-1 + h)*-4. Calculate the highest common factor of 1 and n.
1
Suppose -16*f + 1760 = -0*f. Calculate the highest common factor of 5 and f.
5
Let r(v) = -v**3 - 10*v**2 - 12*v - 11. Let b be r(-9). Suppose 5*w - 231 + 31 = 0. What is the highest common factor of b and w?
8
Let i be 66/(-99) - (-436)/6. What is the greatest common factor of i and 63?
9
Suppose 0*a + 180 = a. Suppose -a = -24*l + 19*l. Calculate the highest common divisor of 54 and l.
18
Let l be (-3)/5 + 506/10. What is the greatest common factor of 25 and l?
25
Let i(p) be the first derivative of 8*p**2 + 1. Suppose -44 = -8*q - 20. Let f be i(q). Calculate the highest common divisor of f and 8.
8
Suppose 169 = -4*x - 5*t + 599, -5*x - 5*t = -540. Suppose 0 = w - 114 + x. Calculate the highest common factor of w and 14.
2
Suppose m - 5*u + 2 = -0, -u + 13 = 4*m. Suppose -y = -2*y - 5*h - 130, -m*y = -4*h + 295. Let x = -17 - y. What is the highest common divisor of 11 and x?
11
Suppose 0 = -5*t + 6*t - 4, 944 = 4*k - t. Let f = -222 + k. Suppose -u - 4*o + 63 = -49, o - 598 = -5*u. Calculate the hi